{"id":8,"date":"2024-07-22T16:15:40","date_gmt":"2024-07-22T16:15:40","guid":{"rendered":"https:\/\/zottini.com.br\/mkt\/index.php\/newsletter\/"},"modified":"2024-07-23T11:27:40","modified_gmt":"2024-07-23T14:27:40","slug":"newsletter","status":"publish","type":"page","link":"https:\/\/zottini.com.br\/mkt\/","title":{"rendered":"Cadastre-se para receber nosso informativo"},"content":{"rendered":"<p>[et_pb_section fb_built=&#8221;1&#8243; _builder_version=&#8221;4.27.0&#8243; _module_preset=&#8221;default&#8221; max_width=&#8221;1000px&#8221; module_alignment=&#8221;center&#8221; custom_padding=&#8221;0px||0px||false|false&#8221; global_colors_info=&#8221;{}&#8221;][et_pb_row column_structure=&#8221;1_3,2_3&#8243; use_custom_gutter=&#8221;on&#8221; gutter_width=&#8221;2&#8243; _builder_version=&#8221;4.27.0&#8243; _module_preset=&#8221;default&#8221; width=&#8221;90%&#8221; global_colors_info=&#8221;{}&#8221;][et_pb_column type=&#8221;1_3&#8243; _builder_version=&#8221;4.27.0&#8243; _module_preset=&#8221;default&#8221; global_colors_info=&#8221;{}&#8221;][et_pb_image src=&#8221;https:\/\/zottini.com.br\/mkt\/wp-content\/uploads\/2024\/07\/logo3.png&#8221; alt=&#8221;Zottini Balan\u00e7as e Equipamentos&#8221; title_text=&#8221;Zottini Balan\u00e7as e Equipamentos&#8221; align=&#8221;center&#8221; _builder_version=&#8221;4.27.0&#8243; _module_preset=&#8221;default&#8221; global_colors_info=&#8221;{}&#8221;][\/et_pb_image][\/et_pb_column][et_pb_column type=&#8221;2_3&#8243; _builder_version=&#8221;4.27.0&#8243; _module_preset=&#8221;default&#8221; global_colors_info=&#8221;{}&#8221;][et_pb_text _builder_version=&#8221;4.27.0&#8243; _module_preset=&#8221;default&#8221; header_4_text_align=&#8221;center&#8221; custom_margin=&#8221;28px||10px||false|false&#8221; custom_margin_tablet=&#8221;28px||10px||false|false&#8221; custom_margin_phone=&#8221;0px||||false|false&#8221; custom_margin_last_edited=&#8221;on|phone&#8221; global_colors_info=&#8221;{}&#8221;]<\/p>\n<h4><b><span style=\"font-family: Arial;\">\u00c9 com muita satisfa\u00e7\u00e3o que a Zottini o recebe como visitante.<\/span><\/b><\/h4>\n<p>[\/et_pb_text][et_pb_social_media_follow use_icon_font_size=&#8221;on&#8221; icon_font_size=&#8221;20px&#8221; _builder_version=&#8221;4.27.0&#8243; _module_preset=&#8221;default&#8221; text_orientation=&#8221;center&#8221; border_radii=&#8221;on|100%|100%|100%|100%&#8221; global_colors_info=&#8221;{}&#8221;][et_pb_social_media_follow_network social_network=&#8221;instagram&#8221; url=&#8221;https:\/\/www.instagram.com\/zottinibalancas\/&#8221; _builder_version=&#8221;4.27.0&#8243; _module_preset=&#8221;default&#8221; background_color=&#8221;#ea2c59&#8243; global_colors_info=&#8221;{}&#8221; follow_button=&#8221;off&#8221; url_new_window=&#8221;on&#8221;]instagram[\/et_pb_social_media_follow_network][\/et_pb_social_media_follow][\/et_pb_column][\/et_pb_row][\/et_pb_section][et_pb_section fb_built=&#8221;1&#8243; inner_shadow=&#8221;on&#8221; _builder_version=&#8221;4.27.0&#8243; custom_padding=&#8221;0px||0px||false|false&#8221; global_colors_info=&#8221;{}&#8221;][et_pb_row _builder_version=&#8221;4.16&#8243; background_size=&#8221;initial&#8221; background_position=&#8221;top_left&#8221; background_repeat=&#8221;repeat&#8221; global_colors_info=&#8221;{}&#8221;][et_pb_column type=&#8221;4_4&#8243; _builder_version=&#8221;4.16&#8243; custom_padding=&#8221;|||&#8221; global_colors_info=&#8221;{}&#8221; custom_padding__hover=&#8221;|||&#8221;][et_pb_text _builder_version=&#8221;4.27.0&#8243; _module_preset=&#8221;default&#8221; header_2_font=&#8221;|700|||||||&#8221; hover_enabled=&#8221;0&#8243; global_colors_info=&#8221;{}&#8221; sticky_enabled=&#8221;0&#8243;]<\/p>\n<h2 style=\"text-align: center;\">Cadastre-se em nossa newsletter<\/h2>\n<p style=\"text-align: center;\">Preencha o formul\u00e1rio abaixo para receber a nossa newsletter e outras comunica\u00e7\u00f5es da Zottini Balan\u00e7as.<\/p>\n<p>[\/et_pb_text][et_pb_text _builder_version=&#8221;4.16&#8243; background_size=&#8221;initial&#8221; background_position=&#8221;top_left&#8221; background_repeat=&#8221;repeat&#8221; global_colors_info=&#8221;{}&#8221;]<div class=\"tnp tnp-subscription \">\n<form method=\"post\" action=\"https:\/\/zottini.com.br\/mkt\/?na=s\">\n<input type=\"hidden\" name=\"nlang\" value=\"\">\n<div class=\"tnp-field tnp-field-email\"><label for=\"tnp-1\">Email<\/label>\n<input class=\"tnp-email\" type=\"email\" name=\"ne\" id=\"tnp-1\" value=\"\" placeholder=\"\" required><\/div>\n<div class=\"tnp-field tnp-lists\"><div class=\"tnp-field tnp-field-checkbox tnp-field-list\"><label for=\"nl3\"><input type=\"checkbox\" id=\"nl3\" name=\"nl[]\" value=\"2\"> A\u00e7ougues e Casas de Carnes<\/label><\/div>\n<div class=\"tnp-field tnp-field-checkbox tnp-field-list\"><label for=\"nl4\"><input type=\"checkbox\" id=\"nl4\" name=\"nl[]\" value=\"3\"> Associa\u00e7\u00e3o e Sindicato<\/label><\/div>\n<div class=\"tnp-field tnp-field-checkbox tnp-field-list\"><label for=\"nl5\"><input type=\"checkbox\" id=\"nl5\" name=\"nl[]\" value=\"4\"> Bar e Lanchonete<\/label><\/div>\n<div class=\"tnp-field tnp-field-checkbox tnp-field-list\"><label for=\"nl6\"><input type=\"checkbox\" id=\"nl6\" name=\"nl[]\" value=\"5\"> Buffets\t<\/label><\/div>\n<div class=\"tnp-field tnp-field-checkbox tnp-field-list\"><label for=\"nl7\"><input type=\"checkbox\" id=\"nl7\" name=\"nl[]\" value=\"6\"> Casas de Massas<\/label><\/div>\n<div class=\"tnp-field tnp-field-checkbox tnp-field-list\"><label for=\"nl8\"><input type=\"checkbox\" id=\"nl8\" name=\"nl[]\" value=\"7\"> Clubes<\/label><\/div>\n<div class=\"tnp-field tnp-field-checkbox tnp-field-list\"><label for=\"nl9\"><input type=\"checkbox\" id=\"nl9\" name=\"nl[]\" value=\"8\"> Confeitarias<\/label><\/div>\n<div class=\"tnp-field tnp-field-checkbox tnp-field-list\"><label for=\"nl10\"><input type=\"checkbox\" id=\"nl10\" name=\"nl[]\" value=\"9\"> Cozinhas Industriais<\/label><\/div>\n<div class=\"tnp-field tnp-field-checkbox tnp-field-list\"><label for=\"nl11\"><input type=\"checkbox\" id=\"nl11\" name=\"nl[]\" value=\"10\"> Entidades<\/label><\/div>\n<div class=\"tnp-field tnp-field-checkbox tnp-field-list\"><label for=\"nl12\"><input type=\"checkbox\" id=\"nl12\" name=\"nl[]\" value=\"11\"> Escolas e Faculdades<\/label><\/div>\n<div class=\"tnp-field tnp-field-checkbox tnp-field-list\"><label for=\"nl13\"><input type=\"checkbox\" id=\"nl13\" name=\"nl[]\" value=\"12\"> Farm\u00e1cias<\/label><\/div>\n<div class=\"tnp-field tnp-field-checkbox tnp-field-list\"><label for=\"nl14\"><input type=\"checkbox\" id=\"nl14\" name=\"nl[]\" value=\"13\"> Hospitais<\/label><\/div>\n<div class=\"tnp-field tnp-field-checkbox tnp-field-list\"><label for=\"nl15\"><input type=\"checkbox\" id=\"nl15\" name=\"nl[]\" value=\"14\"> Hot\u00e9is<\/label><\/div>\n<div class=\"tnp-field tnp-field-checkbox tnp-field-list\"><label for=\"nl16\"><input type=\"checkbox\" id=\"nl16\" name=\"nl[]\" value=\"15\"> Igrejas<\/label><\/div>\n<div class=\"tnp-field tnp-field-checkbox tnp-field-list\"><label for=\"nl17\"><input type=\"checkbox\" id=\"nl17\" name=\"nl[]\" value=\"16\"> Ind\u00fastrias<\/label><\/div>\n<div class=\"tnp-field tnp-field-checkbox tnp-field-list\"><label for=\"nl18\"><input type=\"checkbox\" id=\"nl18\" name=\"nl[]\" value=\"17\"> Institutos<\/label><\/div>\n<div class=\"tnp-field tnp-field-checkbox tnp-field-list\"><label for=\"nl19\"><input type=\"checkbox\" id=\"nl19\" name=\"nl[]\" value=\"18\"> Mot\u00e9is<\/label><\/div>\n<div class=\"tnp-field tnp-field-checkbox tnp-field-list\"><label for=\"nl20\"><input type=\"checkbox\" id=\"nl20\" name=\"nl[]\" value=\"19\"> Padarias e Panificadoras<\/label><\/div>\n<div class=\"tnp-field tnp-field-checkbox tnp-field-list\"><label for=\"nl21\"><input type=\"checkbox\" id=\"nl21\" name=\"nl[]\" value=\"20\"> Pizzarias<\/label><\/div>\n<div class=\"tnp-field tnp-field-checkbox tnp-field-list\"><label for=\"nl22\"><input type=\"checkbox\" id=\"nl22\" name=\"nl[]\" value=\"21\"> Prefeituras<\/label><\/div>\n<div class=\"tnp-field tnp-field-checkbox tnp-field-list\"><label for=\"nl23\"><input type=\"checkbox\" id=\"nl23\" name=\"nl[]\" value=\"22\"> Resid\u00eancia<\/label><\/div>\n<div class=\"tnp-field tnp-field-checkbox tnp-field-list\"><label for=\"nl24\"><input type=\"checkbox\" id=\"nl24\" name=\"nl[]\" value=\"23\"> Restaurantes<\/label><\/div>\n<div class=\"tnp-field tnp-field-checkbox tnp-field-list\"><label for=\"nl25\"><input type=\"checkbox\" id=\"nl25\" name=\"nl[]\" value=\"24\"> Shoppings<\/label><\/div>\n<div class=\"tnp-field tnp-field-checkbox tnp-field-list\"><label for=\"nl26\"><input type=\"checkbox\" id=\"nl26\" name=\"nl[]\" value=\"25\"> Supermercados<\/label><\/div>\n<\/div><div class=\"tnp-field tnp-field-button\" style=\"text-align: left\"><input class=\"tnp-submit\" type=\"submit\" value=\"Assinar\" style=\"\">\n<\/div>\n<\/form>\n<\/div>\n[\/et_pb_text][et_pb_button button_url=&#8221;https:\/\/zottini.com.br\/&#8221; button_text=&#8221;Retornar para o site&#8221; button_alignment=&#8221;center&#8221; _builder_version=&#8221;4.27.0&#8243; _module_preset=&#8221;default&#8221; custom_button=&#8221;on&#8221; button_text_size=&#8221;14px&#8221; button_text_color=&#8221;#FFFFFF&#8221; button_bg_color=&#8221;#ff0000&#8243; button_border_width=&#8221;5px&#8221; button_border_color=&#8221;#ff0000&#8243; button_border_radius=&#8221;30px&#8221; button_use_icon=&#8221;off&#8221; global_colors_info=&#8221;{}&#8221;][\/et_pb_button][\/et_pb_column][\/et_pb_row][\/et_pb_section][et_pb_section fb_built=&#8221;1&#8243; inner_shadow=&#8221;on&#8221; _builder_version=&#8221;4.27.0&#8243; _module_preset=&#8221;default&#8221; background_color=&#8221;#00113d&#8221; custom_padding=&#8221;0px||0px||false|false&#8221; global_colors_info=&#8221;{}&#8221;][et_pb_row _builder_version=&#8221;4.27.0&#8243; _module_preset=&#8221;default&#8221; global_colors_info=&#8221;{}&#8221;][et_pb_column type=&#8221;4_4&#8243; _builder_version=&#8221;4.27.0&#8243; _module_preset=&#8221;default&#8221; global_colors_info=&#8221;{}&#8221;][et_pb_text _builder_version=&#8221;4.27.0&#8243; _module_preset=&#8221;default&#8221; header_4_text_align=&#8221;center&#8221; background_layout=&#8221;dark&#8221; custom_margin=&#8221;28px||10px||false|false&#8221; custom_margin_tablet=&#8221;28px||10px||false|false&#8221; custom_margin_phone=&#8221;0px||||false|false&#8221; custom_margin_last_edited=&#8221;on|phone&#8221; global_colors_info=&#8221;{}&#8221;]<\/p>\n<h4 style=\"text-align: center;\"><b><span style=\"font-family: Arial;\"><span>Zottini Balan\u00e7as &amp; Equipamentos Ltda.<\/span><\/span><\/b><\/h4>\n<p>[\/et_pb_text][et_pb_social_media_follow use_icon_font_size=&#8221;on&#8221; icon_font_size=&#8221;20px&#8221; _builder_version=&#8221;4.27.0&#8243; _module_preset=&#8221;default&#8221; text_orientation=&#8221;center&#8221; custom_margin=&#8221;||10px||false|false&#8221; border_radii=&#8221;on|100%|100%|100%|100%&#8221; global_colors_info=&#8221;{}&#8221;][et_pb_social_media_follow_network social_network=&#8221;instagram&#8221; url=&#8221;https:\/\/www.instagram.com\/zottinibalancas\/&#8221; _builder_version=&#8221;4.27.0&#8243; _module_preset=&#8221;default&#8221; background_color=&#8221;#ea2c59&#8243; global_colors_info=&#8221;{}&#8221; follow_button=&#8221;off&#8221; url_new_window=&#8221;on&#8221;]instagram[\/et_pb_social_media_follow_network][\/et_pb_social_media_follow][et_pb_text _builder_version=&#8221;4.27.0&#8243; _module_preset=&#8221;default&#8221; text_orientation=&#8221;center&#8221; background_layout=&#8221;dark&#8221; global_colors_info=&#8221;{}&#8221;]<\/p>\n<p>Rua Marechal Deodoro da Fonseca, 933 &#8211; Centro &#8211; Cep: 13201-002 &#8211; Jundia\u00ed &#8211; SP &#8211; Telefone: (11) 4521-9399 | (11) 99629-5875<\/p>\n<p>[\/et_pb_text][et_pb_text _builder_version=&#8221;4.27.0&#8243; _module_preset=&#8221;default&#8221; header_6_text_color=&#8221;#FFFFFF&#8221; global_colors_info=&#8221;{}&#8221;]<\/p>\n<h6 style=\"text-align: center;\">Copyright Zottini Balan\u00e7as &amp; Equipamentos &#8211; Todos os direitos reservados<\/h6>\n<p>[\/et_pb_text][\/et_pb_column][\/et_pb_row][\/et_pb_section]<\/p>\n","protected":false},"excerpt":{"rendered":"<p>\u00c9 com muita satisfa\u00e7\u00e3o que a Zottini o recebe como visitante.Cadastre-se em nossa newsletter Preencha o formul\u00e1rio abaixo para receber a nossa newsletter e outras comunica\u00e7\u00f5es da Zottini Balan\u00e7as.<div class=\"tnp tnp-subscription \">\n<form method=\"post\" action=\"https:\/\/zottini.com.br\/mkt\/?na=s\">\n<input type=\"hidden\" name=\"nlang\" value=\"\">\n<div class=\"tnp-field tnp-field-email\"><label for=\"tnp-27\">Email<\/label>\n<input class=\"tnp-email\" type=\"email\" name=\"ne\" id=\"tnp-27\" value=\"\" placeholder=\"\" required><\/div>\n<div class=\"tnp-field tnp-lists\"><div class=\"tnp-field tnp-field-checkbox tnp-field-list\"><label for=\"nl29\"><input type=\"checkbox\" id=\"nl29\" name=\"nl[]\" value=\"2\"> A\u00e7ougues e Casas de Carnes<\/label><\/div>\n<div class=\"tnp-field tnp-field-checkbox tnp-field-list\"><label for=\"nl30\"><input type=\"checkbox\" id=\"nl30\" name=\"nl[]\" value=\"3\"> Associa\u00e7\u00e3o e Sindicato<\/label><\/div>\n<div class=\"tnp-field tnp-field-checkbox tnp-field-list\"><label for=\"nl31\"><input type=\"checkbox\" id=\"nl31\" name=\"nl[]\" value=\"4\"> Bar e Lanchonete<\/label><\/div>\n<div class=\"tnp-field tnp-field-checkbox tnp-field-list\"><label for=\"nl32\"><input type=\"checkbox\" id=\"nl32\" name=\"nl[]\" value=\"5\"> Buffets\t<\/label><\/div>\n<div class=\"tnp-field tnp-field-checkbox tnp-field-list\"><label for=\"nl33\"><input type=\"checkbox\" id=\"nl33\" name=\"nl[]\" value=\"6\"> Casas de Massas<\/label><\/div>\n<div class=\"tnp-field tnp-field-checkbox tnp-field-list\"><label for=\"nl34\"><input type=\"checkbox\" id=\"nl34\" name=\"nl[]\" value=\"7\"> Clubes<\/label><\/div>\n<div class=\"tnp-field tnp-field-checkbox tnp-field-list\"><label for=\"nl35\"><input type=\"checkbox\" id=\"nl35\" name=\"nl[]\" value=\"8\"> Confeitarias<\/label><\/div>\n<div class=\"tnp-field tnp-field-checkbox tnp-field-list\"><label for=\"nl36\"><input type=\"checkbox\" id=\"nl36\" name=\"nl[]\" value=\"9\"> Cozinhas Industriais<\/label><\/div>\n<div class=\"tnp-field tnp-field-checkbox tnp-field-list\"><label for=\"nl37\"><input type=\"checkbox\" id=\"nl37\" name=\"nl[]\" value=\"10\"> Entidades<\/label><\/div>\n<div class=\"tnp-field tnp-field-checkbox tnp-field-list\"><label for=\"nl38\"><input type=\"checkbox\" id=\"nl38\" name=\"nl[]\" value=\"11\"> Escolas e Faculdades<\/label><\/div>\n<div class=\"tnp-field tnp-field-checkbox tnp-field-list\"><label for=\"nl39\"><input type=\"checkbox\" id=\"nl39\" name=\"nl[]\" value=\"12\"> Farm\u00e1cias<\/label><\/div>\n<div class=\"tnp-field tnp-field-checkbox tnp-field-list\"><label for=\"nl40\"><input type=\"checkbox\" id=\"nl40\" name=\"nl[]\" value=\"13\"> Hospitais<\/label><\/div>\n<div class=\"tnp-field tnp-field-checkbox tnp-field-list\"><label for=\"nl41\"><input type=\"checkbox\" id=\"nl41\" name=\"nl[]\" value=\"14\"> Hot\u00e9is<\/label><\/div>\n<div class=\"tnp-field tnp-field-checkbox tnp-field-list\"><label for=\"nl42\"><input type=\"checkbox\" id=\"nl42\" name=\"nl[]\" value=\"15\"> Igrejas<\/label><\/div>\n<div class=\"tnp-field tnp-field-checkbox tnp-field-list\"><label for=\"nl43\"><input type=\"checkbox\" id=\"nl43\" name=\"nl[]\" value=\"16\"> Ind\u00fastrias<\/label><\/div>\n<div class=\"tnp-field tnp-field-checkbox tnp-field-list\"><label for=\"nl44\"><input type=\"checkbox\" id=\"nl44\" name=\"nl[]\" value=\"17\"> Institutos<\/label><\/div>\n<div class=\"tnp-field tnp-field-checkbox tnp-field-list\"><label for=\"nl45\"><input type=\"checkbox\" id=\"nl45\" name=\"nl[]\" value=\"18\"> Mot\u00e9is<\/label><\/div>\n<div class=\"tnp-field tnp-field-checkbox tnp-field-list\"><label for=\"nl46\"><input type=\"checkbox\" id=\"nl46\" name=\"nl[]\" value=\"19\"> Padarias e Panificadoras<\/label><\/div>\n<div class=\"tnp-field tnp-field-checkbox tnp-field-list\"><label for=\"nl47\"><input type=\"checkbox\" id=\"nl47\" name=\"nl[]\" value=\"20\"> Pizzarias<\/label><\/div>\n<div class=\"tnp-field tnp-field-checkbox tnp-field-list\"><label for=\"nl48\"><input type=\"checkbox\" id=\"nl48\" name=\"nl[]\" value=\"21\"> Prefeituras<\/label><\/div>\n<div class=\"tnp-field tnp-field-checkbox tnp-field-list\"><label for=\"nl49\"><input type=\"checkbox\" id=\"nl49\" name=\"nl[]\" value=\"22\"> Resid\u00eancia<\/label><\/div>\n<div class=\"tnp-field tnp-field-checkbox tnp-field-list\"><label for=\"nl50\"><input type=\"checkbox\" id=\"nl50\" name=\"nl[]\" value=\"23\"> Restaurantes<\/label><\/div>\n<div class=\"tnp-field tnp-field-checkbox tnp-field-list\"><label for=\"nl51\"><input type=\"checkbox\" id=\"nl51\" name=\"nl[]\" value=\"24\"> Shoppings<\/label><\/div>\n<div class=\"tnp-field tnp-field-checkbox tnp-field-list\"><label for=\"nl52\"><input type=\"checkbox\" id=\"nl52\" name=\"nl[]\" value=\"25\"> Supermercados<\/label><\/div>\n<\/div><div class=\"tnp-field tnp-field-button\" style=\"text-align: left\"><input class=\"tnp-submit\" type=\"submit\" value=\"Assinar\" style=\"\">\n<\/div>\n<\/form>\n<\/div>\nZottini Balan\u00e7as &amp; Equipamentos Ltda.Rua Marechal Deodoro da Fonseca, 933 &#8211; Centro &#8211; Cep: 13201-002 &#8211; Jundia\u00ed &#8211; SP &#8211; Telefone: (11) 4521-9399 | (11) 99629-5875Copyright Zottini [&hellip;]<\/p>\n","protected":false},"author":1,"featured_media":0,"parent":0,"menu_order":0,"comment_status":"closed","ping_status":"closed","template":"page-template-blank.php","meta":{"_et_pb_use_builder":"on","_et_pb_old_content":"[newsletter]","_et_gb_content_width":"1080","footnotes":""},"class_list":["post-8","page","type-page","status-publish","hentry"],"_links":{"self":[{"href":"https:\/\/zottini.com.br\/mkt\/wp-json\/wp\/v2\/pages\/8","targetHints":{"allow":["GET"]}}],"collection":[{"href":"https:\/\/zottini.com.br\/mkt\/wp-json\/wp\/v2\/pages"}],"about":[{"href":"https:\/\/zottini.com.br\/mkt\/wp-json\/wp\/v2\/types\/page"}],"author":[{"embeddable":true,"href":"https:\/\/zottini.com.br\/mkt\/wp-json\/wp\/v2\/users\/1"}],"replies":[{"embeddable":true,"href":"https:\/\/zottini.com.br\/mkt\/wp-json\/wp\/v2\/comments?post=8"}],"version-history":[{"count":18,"href":"https:\/\/zottini.com.br\/mkt\/wp-json\/wp\/v2\/pages\/8\/revisions"}],"predecessor-version":[{"id":49,"href":"https:\/\/zottini.com.br\/mkt\/wp-json\/wp\/v2\/pages\/8\/revisions\/49"}],"wp:attachment":[{"href":"https:\/\/zottini.com.br\/mkt\/wp-json\/wp\/v2\/media?parent=8"}],"curies":[{"name":"wp","href":"https:\/\/api.w.org\/{rel}","templated":true}]}}